01 + -11?
40
In base 2, what is 11001010 - -1100?
11010110
In base 16, what is -5d - -9?
-54
In base 8, what is 2 + 72?
74
In base 16, what is 0 + 61?
61
In base 15, what is -2 + 42?
40
In base 3, what is 1021 - 12000?
-10202
In base 16, what is -22 + -b?
-2d
In base 13, what is -28 + -8?
-33
In base 2, what is -1000101111 - 100?
-1000110011
In base 9, what is 187 + 102?
300
In base 5, what is -11243 - -14?
-11224
In base 4, what is 3121 - 0?
3121
In base 11, what is -a + -477?
-486
In base 13, what is -31 + b6?
85
In base 2, what is 10001 + 1011000?
1101001
In base 12, what is -1 - 20?
-21
In base 7, what is -166330 - 3?
-166333
In base 15, what is 1 - -e9?
ea
In base 14, what is b + 10?
1b
In base 4, what is -23031 - -2?
-23023
In base 2, what is 1 - -10010?
10011
In base 12, what is 5 - 66?
-61
In base 8, what is 4 + -16321?
-16315
In base 7, what is -5 + -4304?
-4312
In base 13, what is 31 - 9?
25
In base 2, what is 1110 + 1001100?
1011010
In base 15, what is -b - -30?
24
In base 15, what is -54 + 0?
-54
In base 11, what is 0 - 57?
-57
In base 13, what is -4 + 6a6?
6a2
In base 15, what is -4 + -2bb?
-2c0
In base 2, what is 100 - -11110?
100010
In base 7, what is -4 - 436?
-443
In base 9, what is 4 - 84?
-80
In base 10, what is 17 + -10?
7
In base 11, what is -11 - -2?
-a
In base 7, what is 164 - -66?
263
In base 2, what is -1000111111 - 101?
-1001000100
In base 10, what is -42 - -203?
161
In base 7, what is 432 - -61?
523
In base 3, what is 22121 - 1?
22120
In base 16, what is 99 - -5?
9e
In base 7, what is -3554 + -3?
-3560
In base 13, what is 297 - -5?
29c
In base 15, what is 0 + e1?
e1
In base 10, what is 14 - 52?
-38
In base 4, what is -2132 - 1230?
-10022
In base 8, what is -4320 + -3?
-4323
In base 7, what is -156 + 101?
-55
In base 16, what is -2 - -36?
34
In base 15, what is -2 + 27?
25
In base 10, what is 227 - 0?
227
In base 4, what is -20 + 20?
0
In base 14, what is -3 + -109?
-10c
In base 4, what is 23 + -1?
22
In base 11, what is -1622 + -5?
-1627
In base 9, what is -2 + 1307?
1305
In base 3, what is 200 - 101?
22
In base 14, what is -6 - 2b5?
-2bb
In base 9, what is -5 - 144?
-150
In base 12, what is 12 - 97?
-85
In base 16, what is -28 - 3?
-2b
In base 11, what is -219 + 27?
-1a2
In base 2, what is -100100 + 1000001?
11101
In base 9, what is 4 + -164?
-160
In base 11, what is -146 + -5?
-150
In base 9, what is -4 - 118?
-123
In base 11, what is 25 - -64?
89
In base 11, what is -1772 + -2?
-1774
In base 3, what is -112 - -20101?
12212
In base 12, what is 3 - -9?
10
In base 16, what is 2b - 8?
23
In base 10, what is -5 - -442?
437
In base 11, what is 7 + a2?
a9
In base 3, what is -120 - -110?
-10
In base 4, what is 202 - -210?
1012
In base 3, what is -200210 - -101?
-200102
In base 6, what is -1310401 + -2?
-1310403
In base 10, what is 12044 + -2?
12042
In base 8, what is 2 - -1307?
1311
In base 12, what is 114 + 63?
177
In base 6, what is 1 - 12455?
-12454
In base 15, what is 3b - -3?
3e
In base 15, what is -6 + 260?
259
In base 9, what is 2662 - -4?
2666
In base 8, what is 16 - -103?
121
In base 6, what is -4 - 1352?
-1400
In base 5, what is 11 - -41?
102
In base 9, what is -314 + -2?
-316
In base 13, what is -5 + 3c0?
3b8
In base 6, what is 0 + 23?
23
In base 4, what is -310333 - -11?
-310322
In base 7, what is 15 + -164?
-146
In base 11, what is 23 + -12?
11
In base 16, what is -106 + 3?
-103
In base 16, what is 4c9 - -2?
4cb
In base 10, what is 31 + -33?
-2
In base 15, what is 72c + -1?
72b
In base 10, what is -15 - -180?
165
In base 13, what is -370 + -1?
-371
In base 8, what is -15222 + 0?
-15222
In base 14, what is 2 + 3d?
41
In base 13, what is a1c - -1?
a20
In base 16, what is 13 + c?
1f
In base 14, what is -5 + 1d?
18
In base 13, what is -4 - 361?
-365
In base 7, what is 3 - -41?
44
In base 8, what is 7 + -104?
-75
In base 13, what is -13 + 0?
-13
In base 5, what is 3 + -43?
-40
In base 3, what is -201201 - 11?
-201212
In base 16, what is -2 + 16?
14
In base 9, what is -3558 - 3?
-3562
In base 6, what is 3 - -5200?
5203
In base 8, what is 174 + 45?
241
In base 14, what is -1 + 1a70?
1a6d
In base 10, what is 9 - 5?
4
In base 9, what is -857 + 1?
-856
In base 10, what is 2 - -5662?
5664
In base 3, what is -201 - -110?
-21
In base 14, what is -799 + -3?
-79c
In base 8, what is 1051 - 2?
1047
In base 2, what is 100000 - -11111000?
100011000
In base 4, what is 0 + -1203?
-1203
In base 5, what is -1023 - 22?
-1100
In base 7, what is 1025 - -4?
1032
In base 11, what is 39 + -3a?
-1
In base 10, what is 220 + 4?
224
In base 15, what is 21 + 31?
52
In base 10, what is 60410 + -1?
60409
In base 15, what is a5 - 1b?
89
In base 13, what is 1 - 48?
-47
In base 5, what is -1023 - 2?
-1030
In base 12, what is 1 - -27a?
27b
In base 5, what is 20241 + 2?
20243
In base 16, what is 1b - 10?
b
In base 10, what is -63 + -31?
-94
In base 14, what is 14da + 2?
14dc
In base 10, what is 900 - -1?
901
In base 12, what is -201 + -83?
-284
In base 5, what is 2132 + -3?
2124
In base 11, what is -3147 + 0?
-3147
In base 3, what is -10 - -2222?
2212
In base 5, what is -1 + 4113?
4112
In base 5, what is 4343 + -122?
4221
In base 14, what is 4 + -346?
-342
In base 16, what is -4 - -9d?
99
In base 8, what is -2 - 6547?
-6551
In base 16, what is 54 + -5?
4f
In base 15, what is -42 + -57?
-99
In base 8, what is 347 - -63?
432
In base 14, what is 39 - 1?
38
In base 5, what is 0 - -23423?
23423
In base 7, what is 236 - -4?
243
In base 7, what is 14 - 14?
0
In base 11, what is 13 - -6?
19
In base 11, what is 2a36 + 4?
2a3a
In base 2, what is 11 - -11101111110?
11110000001
In base 13, what is -95 - 6?
-9b
In base 11, what is -3a + 2?
-38
In base 6, what is -1202 - 35?
-1241
In base 3, what is 10 - 2101200?
-2101120
In base 10, what is -19 - -6?
-13
In base 8, what is -114 - -2?
-112
In base 8, what is -1555 + -5?
-1562
In base 3, what is -100 - 12000?
-12100
In base 12, what is 14 - 66?
-52
In base 10, what is -40 - 7?
-47
In base 14, what is 4 + a3a?
a40
In base 4, what is 3 + -31211?
-31202
In base 14, what is -2 + 100?
dc
In base 3, what is 20021210 - 1?
20021202
In base 2, what is -10101001000010 + 1?
-10101001000001
In base 9, what is 5 + -612?
-606
In base 11, what is -8 + 11?
4
In base 2, what is 1111 + -1010010001?
-1010000010
In base 14, what is -4 + 215?
211
In base 8, what is -5426 + -5?
-5433
In base 16, what is 2 - 9?
-7
In base 14, what is -9 + -125?
-130
In base 11, what is 1 + -142?
-141
In base 2, what is 100101110 + -11101?
100010001
In base 14, what is -4 - 243?
-247
In base 5, what is -1001 - -3?
-443
In base 4, what is 1003 + -10?
333
In base 9, what is -201 - 5?
-206
In base 4, what is 133120 + 3?
133123
In base 11, what is -3 + 154?
151
In base 10, what is 1606 + 0?
1606
In base 5, what is 4033 - 2?
4031
In base 4, what is 22020 - 3?
22011
In base 16, what is 4d7 + -4?
4d3
In base 9, what is 6083 - -1?
6084
In base 14, what is -3 + -32?
-35
In base 7, what is -263 + 2?
-261
In base 10, what is -27 - -31?
4
In base 16, what is 30 + -a?
26
In base 4, what is -1221 - 22?
-1303
In base 9, what is -2054 + 0?
-2054
In base 3, what is -2102120210 + 10?
-2102120200
In base 10, what is 5 + -79?
-74
In base 10, what is 1135 - -5?
1140
In base 6, what is 13 - -1?
14
In base 2, what is 101 + 10100110?
10101011
In base 8, what is 5 - 1154?
-1147
In base 6, what is 203 - -452?
1055
In base 13, what is -443 + 2?
-441
In base 5, what is -300002 - -10?
-244442
In base 12, what is -12 + -114?
-126
In base 2, what is 100 + -1000110?
-1000010
In base 6, what is -14 + -102?
-120
In base 5, what is 10024 + 2?
10031
In base 11, what is 2a26 - -4?
2a2a
In base 2, what is 1101101 - -1111?
1111100
In base 13, what is 5 + 60?
65
In base 4, what is -123 + 10?
-113
In base 6, what is 43 - -5?
52
In base 13, what is -5 + -6c1?
-6c6
In base 9, what is 13 + -410?
-386
In base 5, what is -104444 - -4?
-104440
In base 12, what is 15 + -18a?
-175
In base 6, what is 552 - 0?
552
In base 5, what is 1211 - -23?
1234
In base 14, what is -123 - 9?
-12c
In base 12, what is 5 + -67?
-62
In base 2, what is 10 + -111110101101?
-111110101011
In base 7, what is 0 - -1012?
1012
In base 4, what is 33 + -213?
-120
In base 9, what is 300 - 28?
261
In base 4, what is 11 - 213300